 Suppose 13*y - 50 = -12*y. Suppose -4*t + 16 = y*g, -4*t = t + g - 23. Calculate p(t).
2
Let j(h) = h**3 + 5*h**2 - 12*h - 22. Let n be j(-6). Let w(d) = d - 9. What is w(n)?
5
Suppose 0 = 14*n + 17*n - 27*n + 4. Let d(i) = 30*i + 30. What is d(n)?
0
Suppose -21*z + 38*z + 1056 = -15*z. Let f(c) = c**3 + 34*c**2 + 32*c - 44. Give f(z).
-11
Let t(b) = b**2 - 5 + 3 - 7*b - 3. Suppose -300*q + 157 - 45 = -286*q. Determine t(q).
3
Let b(g) = -140 + 39 + 10*g - g**2 + 29 + 137 + 44. Give b(17).
-10
Let u = 28 - 38. Let t(d) = d**3 - 5*d**2 - 17*d + 5. Let o be t(7). Let l = u - o. Let c(q) = -q - 5. What is c(l)?
-11
Suppose 3*w + 106 = -10*t + 6*t, -104 = 4*t + 4*w. Let u(d) = -7*d - 194. Determine u(t).
2
Let a(b) = -3*b**3 + b**2 + 3*b + 2. Suppose 1815 = 35*p - 145. Let s = p + -57. Give a(s).
3
Let l(v) = v**3 - 4*v**2 - 5. Let z(w) = -7*w**2 - 24*w - 1. Let m(j) = -20*j**2 - 73*j - 4. Let u(q) = 4*m(q) - 11*z(q). Let k be u(-9). Give l(k).
-5
Let y = 16575 + -16560. Let p(k) = 5*k - 86. Determine p(y).
-11
Suppose 0 = -2*d + 4*c + 10, 0*c - 4 = -2*d - 2*c. Suppose -8*v = -d*v + 4*i - 1, -2*v + 4*i = 22. Let a(j) = -j**3 - 5*j**2 - 3*j + 2. Calculate a(v).
-7
Suppose 0 = -j + 3*r - 14, 283 = 5*j - 3*r + 269. Let n(m) = -2*m + 15. Let q(h) = -2*h + 15. Let l(s) = 5*n(s) - 6*q(s). Calculate l(j).
-1
Let v(u) = 575*u - 3*u**2 - u**3 - 598*u - 1 + 25*u**2. Calculate v(21).
-43
Let t(f) be the second derivative of -f**4/12 + 5*f**3/2 + 9*f**2 + 124*f + 1. Let l be 52/(12/3) + 3. Calculate t(l).
2
Let y(s) = 2*s - 14. Let d(b) = 2*b - 13. Let h(o) = -6*d(o) + 5*y(o). Let x(w) = w**2 + 39*w + 302. Let q be x(-29). Determine h(q).
-16
Suppose -l - 4*u = -23, 0 = 122*l - 120*l - 2*u - 6. Let p(d) = d**3 - 5*d**2 - 4*d - 11. What is p(l)?
59
Let k be 1340/3 - 2/(-12)*-4. Let h = -437 + k. Let u(s) = s**3 - 10*s**2 + 10*s. Calculate u(h).
9
Let v(k) = -3*k**3 + 17*k**2 + 19*k - 3. Let x(q) = 5*q**3 - 25*q**2 - 28*q + 5. Let z = 343 - 351. Let i(w) = z*v(w) - 5*x(w). What is i(-10)?
19
Let o(z) be the third derivative of -z**9/15120 + z**7/5040 - z**6/360 + 179*z**5/60 + 2*z**2 + 71*z. Let i(k) be the third derivative of o(k). Give i(1).
-5
Suppose -2*d = d + 12. Let a(j) be the second derivative of j**4/12 + 5*j**3/3 + j**2/2 + 6105*j. Determine a(d).
-23
Let h(x) = -x**3 - 76*x**2 + 150*x - 467. Let y be h(-78). Let s(i) = -36*i**3 - i**2. Determine s(y).
-37
Let v(q) = 4*q - 50. Let r be v(8). Let b be 13/((-39)/r) - 13. Let a(u) = -u - 1. Give a(b).
6
Let u(i) be the first derivative of i**2/2 + 14*i - 8. Let z = 143 + -252. Let h = z + 100. What is u(h)?
5
Suppose -56*u + 189 = 245. Let s(v) = v**2 + 2*v + 1. Calculate s(u).
0
Let z(j) = 12*j**2 - j - 1. Suppose 11*r = r - 40. Let c be ((-24)/(-9) - 2)/(r/6). Let t be z(c). Let s(o) = -o**3 + 13*o**2 - 11*o - 7. Determine s(t).
5
Let o = 46 + -1. Let c be ((-1 - 7) + 8)/(-3). Let z(y) = -o*y**2 + c*y - y + 46*y**2. Determine z(3).
6
Let o(z) be the third derivative of -z**6/120 - 11*z**5/60 - 7*z**4/24 + 11*z**3/6 - 1481*z**2. Give o(-10).
-19
Let l(h) = -14*h**2 - 8517*h**3 + 17026*h**3 - 8510*h**3 - 21*h**2 - 19. Calculate l(-35).
-19
Suppose 4*p + 153 = -315. Let l = -106 - p. Let z(c) = l + 25 + c + 21 - 48. Give z(-9).
0
Let s(g) = g**3 + 7*g**2 - 21*g + 9. Let z be s(-9). Suppose 3*r = -3*c + z, -c + 2 = -3*r - 6. Let x(w) = 3 - c - 5*w + 7. Calculate x(-1).
4
Let n(c) = -c**2 + 5*c + 2. Let l be n(6). Let y(b) = 0*b + 20 + 4*b**2 + b**3 - 15 + 0*b**3 - 2 + 5*b. What is y(l)?
-17
Let n = -431 + 436. Let z(p) = 13*p**2 - 4*p + 5. Let v(q) = 15*q**2 - 5*q + 6. Let r(f) = n*v(f) - 6*z(f). Determine r(-1).
-2
Let z(d) = -3 - 4*d**2 + 2*d**3 - 6*d**3 - 7*d**3 + 30*d**3 + 4*d - 18*d**3. Calculate z(2).
-3
Let t(v) be the second derivative of -v**4/12 + v**3/2 + 2*v**2 + 3*v - 23. What is t(-3)?
-14
Suppose -11*w = -2*w - 27. Let i(a) = -17 + 11*a**2 - 18*a + a**w + 3*a + 2*a. Give i(-12).
-5
Let i(x) = -6*x - x**2 + 2 - x + 4*x + 5. Let z(p) = p**2 + 2*p - 4. Let l be z(-4). Suppose 0 = 4*g - l, 0 = 9*q - 4*q + 5*g + 25. Calculate i(q).
-11
Suppose -47*u + 14*u = -330. Let t(n) = 4*n**2 - 41*n + 14. What is t(u)?
4
Let o(w) = -2*w**2 + 29*w - 8. Let q be o(14). Let n(r) = 3*r**2 + 16*r - 18. Let t(y) = -2*y**2 - 8*y + 8. Let h(a) = -3*n(a) - 5*t(a). What is h(q)?
2
Let u(o) = o**3 - 16*o**2 - 14*o + 3. Let m(p) = p**2 + 1. Let g(t) = 3*m(t) + u(t). Suppose -82 = -5*j + 3*y, 8*j = 10*j - 4*y - 44. Determine g(j).
6
Suppose -2*w = -r - 15, -4*r = 5*w - 7 + 2. Let d(u) = -3*u + w*u - 7*u - u + 14*u. Let o = 6 - 4. Calculate d(o).
16
Let n be ((-2)/5)/((-2)/10). Let y(f) = -f**2 - f + n*f - 4*f**3 - 2*f. Let s(i) = i**2 - 57*i - 1. Let c be s(57). What is y(c)?
4
Suppose 2*s - 88 + 80 = 0. Suppose p - s*p + 177 = 0. Let m = -53 + p. Let h(y) = -y**3 + 7*y**2 - 7*y + 2. Calculate h(m).
-4
Let i(s) = -104*s**2 - 103*s**2 - 60*s + 55*s - 102*s**2 + 310*s**2 - 14. What is i(6)?
-8
Let d(t) = t + 23. Let x = -314 + 309. Let c(m) = -m - 13. Let z(o) = x*c(o) - 3*d(o). Calculate z(8).
12
Let l(g) be the second derivative of -g**4/6 - 7*g**3/2 - 18*g**2 + 3*g + 9. What is l(-8)?
4
Suppose 0 = -13*p - 17 + 173. Suppose 26*b = 32*b - p. Let o(u) = 5 + 4 - 3*u + b. Calculate o(9).
-16
Let u(h) = -h**2 + 5*h - 6. Suppose 0 = 3*b + 6, -45 = 5*o - 6*b + b. Let s(c) = -5*c - 19. Let j be s(o). Suppose -j = 5*y - 14*y. What is u(y)?
-2
Let k be ((-23)/(-4) - 5)*4. Suppose 4*u - 36 = m, k*u + 3*m = 54 - 12. Let j(x) = x**3 - 9*x**2 - 12*x + 7. Give j(u).
-13
Let q(j) = -j**3 + 8*j**2 + 9*j + 2. Suppose -4*r - 5*w = -57, 0 = -r - 4*w - 60 + 88. Determine q(r).
74
Let w = 4 - 12. Let m(g) = -2*g - 3. Let o(d) = -d + 5. Let h(c) = -2*c + 11. Let y(t) = 6*h(t) - 13*o(t). Let s(f) = 6*m(f) + 11*y(f). Calculate s(w).
1
Let p = 24 - 20. Let y(u) = -2*u - 3*u + 7*u + 6 - 4. Let r(v) = -13*v - 8. Let x(g) = r(g) + 5*y(g). What is x(p)?
-10
Let o be 68/11 + (-2)/11. Let z be ((-14)/(-12))/((-1)/(-30)*5). Let u(f) = -f**2 - 54 + z*f + f + 52 - f. Determine u(o).
4
Let b(z) be the third derivative of -1/8*z**4 + 0 - 113*z**2 + 0*z + 5/3*z**3. Calculate b(7).
-11
Let f(d) = 2*d**2 + 2*d - 3. Let a be f(-3). Suppose 5*i = 4*m - 282 - 4, -3*i = -3*m + 213. Let s(q) = 79*q + 7 + m*q - 149*q. Calculate s(a).
-2
Let p = -6602 + 6614. Let z(b) = b**2 - 4*b - 80. What is z(p)?
16
Let z(t) = 46 - 47 - 7*t + 5*t**2 + 189902*t**3 - 189901*t**3. Suppose 0 = 5*b - 20 + 5. Suppose -b*j - 2*g = 9 + 13, 3*j + 14 = 2*g. What is z(j)?
5
Let h(u) = -106 + 127 - 146315*u + 146318*u. Calculate h(-10).
-9
Let w(q) = 4*q - 31. Let o be w(8). Let p(m) = 5*m**2 + 3*m - 20. Let s(x) = -x**2 + 2*x + 1. Let b(a) = o*p(a) + 4*s(a). Give b(-12).
-4
Suppose 407 = 3*t + 8*t. Let q(h) = h**2 + 14*h - 2. Let m be q(-16). Let a = t - m. Let l(s) = -s**3 + 8*s**2 - 8*s - 7. Calculate l(a).
-14
Let y = -63 + 38. Let r = y + 27. Let b be 1 - (2 + (3 - r)). Let v(u) = u + 2. Give v(b).
0
Let u(x) = 6*x - 2. Let f(b) = 2*b. Suppose 0 = 4*w + 3*k + 35, 8*w + 2*k = 4*w - 34. Let o(p) = w*f(p) + 3*u(p). Give o(-11).
-28
Let h(a) = -a**3 - 8*a**2 + 6*a - 4. Suppose 4*i = -3*w - 24, 17*i + 3*i = 0. What is h(w)?
-52
Let y(g) be the third derivative of g**6/120 + 3*g**5/20 + 5*g**4/12 - 7*g**3/2 + 3733*g**2. Calculate y(-8).
-37
Let s(f) = 3*f**2 + f**3 - 3 + 0*f**2 + 2. Let y be s(-3). Let p(v) = 2*v**3 - 6*v + 13. Let o(a) = a**3 - 5*a + 11. Let l(r) = 6*o(r) - 5*p(r). Give l(y).
5
Let k(b) = b**3 - 4*b**2 - 12*b + 4. Let p be (168/63)/((-2)/(-3)). Suppose -3*u - 3 = 0, -5*d + p + 30 = -4*u. Give k(d).
4
Let d(b) = -3*b**2 - 7*b + 31. Let o = -12240 + 12235. Give d(o).
-9
Suppose -2*h = -7*h + 135. Let n = -7 + h. Let y(l) = 0 + 28*l - n*l + 1. Calculate y(-2).
-15
Suppose -2*h - 14 = -4*v, 6*v - 11*v + 23 = 3*h. Let r be (-4)/(v/(1 + -5)) + -1. Let y(b) = -b**2 + 5*b + 2. What is y(r)?
8
Let q(u) = 3*u - 4. Let d(y) = -37*y - 284. Let v(b) = d(b) + 2*q(b). What is v(-10)?
18
Let d be (-320)/(-50) - 6/(-10). Let i(b) = 2 - 10 + d + 3*b. Calculate i(-4).
-13
Let a(n) = n**2 - 1. Let x(w) = -25*w**2 - 9*w + 2. Let z(m) = 28*m**2 + 10*m - 2. Let r(c) = -6*x(c) - 5*z(c). Let f(j) = -8*a(j) + r(j). Give f(-4).
22
Let x(z) = z**2 - 4*z + 6. Suppose 0 = 4*l - 30 + 2. Let a(s) 